in base 10?
-2657
Convert -122011 (base 5) to base 4.
-1020113
Convert -33304 (base 7) to base 14.
-30ab
Convert 1650 (base 16) to base 6.
42240
-440230 (base 5) to base 3
-202122222
What is 1301130 (base 4) in base 16?
1c5c
Convert 68 (base 13) to base 14.
62
1011101101 (base 2) to base 12
525
-612 (base 7) to base 16
-12f
Convert 246 (base 8) to base 6.
434
13a45 (base 11) to base 13
9093
What is 5354 (base 10) in base 15?
18be
Convert -10011000 (base 2) to base 9.
-178
4083 (base 12) to base 7
26304
-1582 (base 10) to base 13
-949
-53 (base 13) to base 6
-152
-110112 (base 3) to base 10
-338
Convert 12200 (base 3) to base 12.
109
20778 (base 9) to base 2
11010111000000
Convert 66153 (base 7) to base 9.
24630
5dae (base 16) to base 12
11a66
What is 45206 (base 7) in base 16?
2c9f
3516 (base 7) to base 12
8b3
-44d0 (base 16) to base 11
-12265
-18502 (base 9) to base 8
-31000
What is -1330 (base 14) in base 9?
-4558
Convert -2078 (base 15) to base 13.
-317c
6ac (base 15) to base 4
113220
Convert -112211 (base 5) to base 16.
-fd8
What is 110 (base 13) in base 12?
132
What is c25a (base 15) in base 13?
158a7
-3363 (base 9) to base 16
-9b7
What is -909 (base 15) in base 8?
-3762
What is 38 (base 10) in base 14?
2a
What is 5cc (base 13) in base 6?
4405
Convert -22110010 (base 3) to base 4.
-1200033
What is 2902 (base 15) in base 3?
110001002
1001100011010 (base 2) to base 10
4890
-1701 (base 8) to base 2
-1111000001
-6082 (base 12) to base 14
-3b58
43cc (base 13) to base 9
13874
What is 10133 (base 5) in base 4?
22130
Convert -342 (base 12) to base 14.
-266
Convert 110203 (base 7) to base 13.
8a34
What is -301 (base 11) in base 3?
-111111
What is 777 (base 13) in base 8?
2401
Convert 450 (base 14) to base 13.
509
What is 11455 (base 6) in base 11?
12a8
What is 3b92 (base 12) in base 7?
26024
Convert b7bb (base 15) to base 14.
1024c
Convert -230a2 (base 11) to base 12.
-173a3
What is 1011000111 (base 2) in base 14?
38b
Convert 112254 (base 7) to base 8.
47077
What is 6437 (base 10) in base 8?
14445
Convert 12012210 (base 3) to base 12.
2249
What is 1854 (base 16) in base 3?
22112200
What is -101001010 (base 2) in base 4?
-11022
What is 38b3 (base 13) in base 11?
6094
-70d (base 16) to base 2
-11100001101
What is 430 (base 8) in base 3?
101101
Convert e025 (base 15) to base 11.
32587
797 (base 10) to base 11
665
Convert 1323 (base 4) to base 16.
7b
-13134 (base 9) to base 11
-6725
Convert -763 (base 8) to base 4.
-13303
Convert 10110001011001 (base 2) to base 13.
5224
What is -21971 (base 11) in base 13?
-11608
What is -1957 (base 12) in base 5?
-44331
9205 (base 12) to base 2
11110111100101
Convert -32 (base 14) to base 2.
-101100
Convert -53 (base 7) to base 14.
-2a
What is -2243 (base 7) in base 2?
-1100101111
Convert -6b2a (base 12) to base 8.
-27322
-2635 (base 7) to base 13
-5c5
-1c69 (base 16) to base 10
-7273
What is -1604 (base 14) in base 6?
-30100
-5646 (base 8) to base 6
-21450
What is 3246 (base 10) in base 5?
100441
What is 2ba (base 16) in base 11?
585
1220020 (base 3) to base 8
2547
Convert 4318 (base 11) to base 10.
5706
Convert -20f (base 16) to base 5.
-4102
2947 (base 16) to base 6
120531
-111012 (base 3) to base 4
-11210
Convert -1642 (base 12) to base 6.
-20122
What is 21284 (base 10) in base 4?
11030210
What is -375 (base 13) in base 2?
-1001011011
5b (base 13) to base 10
76
What is 301 (base 4) in base 8?
61
What is 29859 (base 10) in base 3?
1111221220
-26829 (base 11) to base 8
-112573
-88428 (base 9) to base 7
-333023
What is 3040 (base 8) in base 5?
22233
-1424213 (base 5) to base 8
-72355
Convert -4665 (base 7) to base 10.
-1713
133500 (base 7) to base 11
17aa6
Convert 2113 (base 8) to base 12.
777
Convert -12031 (base 4) to base 15.
-1b7
Convert -15138 (base 9) to base 7.
-42044
What is 233525 (base 7) in base 12?
20452
What is 135 (base 11) in base 16?
9f
What is 142 (base 11) in base 3?
20012
214431 (base 6) to base 3
220112001
What is 522 (base 12) in base 11?
619
Convert -13053 (base 7) to base 5.
-102333
Convert -586 (base 14) to base 3.
-1111200
Convert -181 (base 15) to base 11.
-295
Convert 31351 (base 7) to base 5.
221404
What is 43403 (base 9) in base 14?
a6a2
Convert -b83 (base 13) to base 10.
-1966
What is -81 (base 12) in base 8?
-141
1998 (base 10) to base 7
5553
Convert -110011100100101 (base 2) to base 3.
-1100012222
Convert -223 (base 10) to base 9.
-267
What is 6640 (base 8) in base 16?
da0
What is -58d (base 14) in base 10?
-1105
-20235 (base 6) to base 3
-10200112
-440 (base 8) to base 7
-561
What is 8 (base 14) in base 4?
20
Convert 1021 (base 9) to base 5.
10443
What is 21e (base 15) in base 5?
3404
564 (base 16) to base 12
970
-a63 (base 12) to base 14
-7a3
What is 222021220 (base 3) in base 15?
5a2c
-1ce (base 15) to base 8
-643
Convert 14044 (base 9) to base 2.
10010100101101
-128 (base 9) to base 2
-1101011
Convert -18367 (base 14) to base 4.
-32321313
Convert 23513 (base 8) to base 10.
10059
Convert 46ee (base 16) to base 10.
18158
What is -829 (base 16) in base 2?
-100000101001
What is b40 (base 14) in base 10?
2212
Convert -11111011011 (base 2) to base 15.
-8e1
What is -34242 (base 6) in base 14?
-1aa6
10000010000 (base 2) to base 7
3014
32130 (base 5) to base 11
1699
247 (base 11) to base 12
205
Convert -d04 (base 15) to base 3.
-11000111
c06 (base 16) to base 6
22130
126 (base 16) to base 2
100100110
What is -860 (base 10) in base 7?
-2336
Convert -2112430 (base 5) to base 14.
-cc61
-1411 (base 6) to base 9
-447
Convert -6606 (base 7) to base 5.
-33413
What is 1170 (base 11) in base 16?
5f9
5095 (base 15) to base 8
41167
Convert -14404 (base 8) to base 16.
-1904
Convert 16320 (base 9) to base 10.
11196
What is 24501 (base 7) in base 12?
3870
Convert -1211 (base 7) to base 14.
-241
-36567 (base 8) to base 4
-3311313
1101001111101011 (base 2) to base 14
15ab1
What is 13320 (base 5) in base 13?
656
Convert -20620 (base 11) to base 4.
-13111032
What is -526 (base 12) in base 8?
-1356
Convert 12031121 (base 4) to base 10.
25433
-40566 (base 7) to base 10
-9897
-20306 (base 7) to base 14
-1b3d
Convert 59906 (base 10) to base 4.
32220002
Convert -2830 (base 10) to base 13.
-1399
Convert 131342 (base 5) to base 12.
3032
-40838 (base 9) to base 13
-c344
Convert 1010010110100101 (base 2) to base 13.
163bc
-1077 (base 8) to base 10
-575
Convert -12dd (base 16) to base 4.
-1023131
11000101111101 (base 2) to base 6
134353
Convert 142501 (base 8) to base 11.
34a37
What is 25765 (base 8) in base 5?
330003
What is 650 (base 13) in base 7?
3101
Convert -21233 (base 4) to base 10.
-623
What is -47650 (base 10) in base 9?
-72324
-21110020 (base 3) to base 7
-21561
Convert -44 (base 13) to base 14.
-40
Convert -1ac (base 14) to base 4.
-11130
23293 (base 10) to base 2
101101011111101
7116 (base 8) to base 9
5018
What is 14111 (base 12) in base 2?
110110010011101
What is a61 (base 15) in base 14?
bd3
Convert -48e (base 16) to base 12.
-812
Convert -205201 (base 6) to base 14.
-6133
-2178 (base 10) to base 3
-2222200
Convert -10001120 (base 3) to base 9.
-3046
What is -31210000 (base 4) in base 2?
-1101100100000000
Convert -1777 (base 8) to base 9.
-1356
-2251 (base 7) to base 11
-686
Convert 4f1 (base 16) to base 12.
895
What is -226 (base 11) in base 7?
-534
61 (base 8) to base 4
301
Convert 21121 (base 4) to base 12.
421
Convert -250522 (base 6) to base 13.
-a169
What is 101011100100010 (base 2) in base 11?
15839
Convert -300311 (base 4) to base 11.
-2391
-59b (base 15) to base 11
-a56
12232 (base 4) to base 15
1da
What is -3c9e (base 15) in base 3?
-122210112
What is -1a7 (base 14) in base 4?
-11113
65b (base 16) to base 6
11311
-44463 (base 7) to base 4
-2233101
-3313213 (base 4) to base 2
-11110111100111
Convert 379 (base 14) to base 3.
221202
13301 (base 4) to base 12
355
Convert 4124 (base 8) to base 5.
32012
Convert 184 (base 11) to base 10.
213
-1b50 (base 12) to base 16
-d2c
What is 27a6 (base 11) in base 3?
11222021
b10 (base 16) to base 5
42312
Convert -340 (base 11) to base 5.
-3112
2300 (base 4) to base 8
260
-11120001 (base 3) to base 6
-23214
Convert 122e (base 16) to base 13.
2170
-175727 (base 8) to base 15
-14181
What is 110100000 (base 2) in base 5?
3131
10210122 (base 3) to base 9
371